(n) = -n**2 + n + 5. Let h be x(b). Calculate c(h).
-4
Let i(o) = -3*o**3 - o**2 + 1. Let t(d) = -d**3 - 7*d**2 - 6*d - 4. Let y be t(-6). Let r = y - -5. Let u be r/(-3) + (-8)/12. What is i(u)?
3
Suppose -4*j = -t - 2 - 6, 4*j - 3*t - 8 = 0. Let c(o) = 12*o + j + 2 - 11*o. Determine c(-6).
-2
Let h(r) = -12*r**3 - 2*r**2 + 1. Let z be (3 + -1)*1 - -6. Let k(n) = n**2 - 7*n - 9. Let a be k(z). What is h(a)?
11
Let p(z) = -z - 2. Let l be p(-6). Suppose -l*w + 4*t = -0*t, -6 = -3*t. Let x(u) = 5*u**2 - u**w + 1 - 2 - 3*u**2 + u. Give x(1).
1
Let z(a) = -a - 3. Let d(b) = -1. Let c(h) = -2*d(h) + z(h). Let j(f) = -f**3 + f**2 + f - 5. Let k be j(0). Give c(k).
4
Let p(h) = 27 + 23 - 49 - 5*h**2. What is p(1)?
-4
Let f(b) = -b**3 - 7*b**2 - b - 5. Let n be f(-7). Suppose 2*l = -q + 3*q + 4, -n*l - 2*q + 12 = 0. Let g(i) = 1 + 5*i - 4 - 2*i. Calculate g(l).
9
Let a(o) = o**3 - 2*o**2 + o - 2. Let y be (-12)/(-2) - (-3 - -1). Let g = y + -8. Suppose -5*c + 6 + 9 = g. Calculate a(c).
10
Let c(a) = a + 3. Let s = 7 + -5. Suppose -12 = s*g - 0*g. Let y(b) = b + 4. Let j be y(g). Calculate c(j).
1
Let m(h) = -2*h + 9. Let c be (-70)/(-12) + (-4)/(-24). Determine m(c).
-3
Let z = 110 + -104. Let k(m) = -m + 4. Determine k(z).
-2
Let s(o) = 4*o - 1. Let i(b) = b**2 - 4*b - 6. Let y be i(6). Suppose -3*l + y = -0*l. What is s(l)?
7
Let r(j) = 5*j - 8. Let k(v) be the first derivative of v - 1. Let x(p) = 4*k(p) + r(p). Calculate x(3).
11
Let y(u) be the second derivative of -u**5/10 + u**4/12 - u**3/6 + 7*u. Suppose -5*b + 21 = 4*v, 2*b + 3*v - 18 = -v. Determine y(b).
-2
Let q(y) = 5*y - 3. Let t(h) = 6*h - 2. Let o(s) = -5*q(s) + 4*t(s). What is o(0)?
7
Suppose 0 = 5*j - 1 + 11. Let g(r) = r - 4. Let z(w) = w - 10. Let n(h) = 7*g(h) - 3*z(h). Calculate n(j).
-6
Let j(n) = 3 - 5 + 9 - n - 3. Calculate j(4).
0
Suppose 3*u = 2*u + 3. Let m(a) = 0*a**2 - 2 + 2*a + a**2 + u*a**2 - 5*a**2. Determine m(4).
-10
Let r(t) = -4*t**2 + 5*t**2 - 2 - 6*t - 2*t**2. Calculate r(-3).
7
Let n(s) = -7*s**2 + s + 1. Let u(t) = t**2 + t + 2. Let h(x) = -x. Let v(f) = -3*h(f) + u(f). Let m be v(-3). Give n(m).
-7
Let v(q) = q + 1. Let n be v(2). Let a(z) = -z. What is a(n)?
-3
Suppose 4*g - g = -4*v - 38, 9 = -4*g + 3*v. Let p be (-4)/(8/(-14)) - -1. Let q = g + p. Let o(a) = 3*a + 1. What is o(q)?
7
Let k(f) be the third derivative of 0*f + f**2 - 1/2*f**3 + 1/60*f**5 + 0*f**4 + 0. Let x(y) = -y - 2. Let q be x(-2). Determine k(q).
-3
Let t = -3 - 1. Let j(f) = -3*f**3 + 3*f**2 - 9*f - 2. Let d(i) = 2*i**3 - 3*i**2 + 8*i + 2. Let o(w) = 4*d(w) + 3*j(w). Calculate o(t).
-2
Let s = 0 + 2. Suppose -4*l - 6*z + z - 8 = 0, 0 = s*l + 3*z + 4. Let n(b) be the first derivative of -b**4/4 - 2*b**3/3 - 3*b**2/2 + 21. Calculate n(l).
6
Let z(s) = -8*s + 1. Suppose -4*f = 5*i + 3, i + 5*f = -4*i - 5. Give z(i).
-7
Let g(q) = -4 + q + 0*q**2 + q**2 + 0*q**2. Determine g(-5).
16
Let d(i) = 7*i - 16. Let p(u) = 3*u - 8. Let a(j) = 2*d(j) - 5*p(j). Determine a(6).
2
Let h(p) be the third derivative of -p**6/120 - p**5/6 - 5*p**4/12 - 13*p**3/6 + 32*p**2. What is h(-9)?
-4
Suppose -3*m - 2*d - 19 = 0, -4*d = -3*m + 10 + 1. Let o(k) = k**3 + 3*k**2 - k - 3. Calculate o(m).
0
Let b be 5/(10/6) + -2. Let r(f) = -11*f + 1. Give r(b).
-10
Let v(p) = 3*p**3 - 16*p**2 - p - 16. Let x(i) = i**3 - 5*i**2 - 5. Let d(w) = 2*v(w) - 7*x(w). What is d(2)?
3
Let l(y) be the second derivative of -7*y**5/20 - 5*y**4/12 + y**3/2 + 5*y**2/2 + y. Let k(d) = -d**3 + d + 1. Let v(x) = -6*k(x) + l(x). Calculate v(-3).
-10
Let p(i) be the second derivative of i**4/12 + 7*i**3/6 - 7*i**2/2 - 2*i - 7. Give p(-7).
-7
Suppose l = -3*t + 5, -l = -5*t - 2*l + 9. Suppose -3*m - t*m + 15 = 0. Let o(g) = -g**2 + 1 + m - 5 + g**3 + g. What is o(0)?
-1
Let s(u) = u**2 + 3*u - 2. Let t(y) = y**2 + 2*y - 3. Let i(p) = 3*s(p) - 2*t(p). Calculate i(-6).
6
Let j be (-2)/1 + 1 - -12. Let x be (-3)/(-1 + (-11)/(-8)). Let o = x + j. Let g(u) = u**2 - 3. Determine g(o).
6
Let s(x) = x - 6. Let y(a) = -a**3 + 2*a**2 + 2*a. Let c be y(0). Calculate s(c).
-6
Let q(k) = k**3 + 3*k**2 + 3*k + 4. Let j = 12 - 15. Calculate q(j).
-5
Suppose 0 = -3*i + 4*i. Let m(o) = -o**3 - o**2 + o + 17. Give m(i).
17
Let l(d) = 3*d**2 - 7*d + 3. Let y(u) = 3*u**2 - 8*u + 3. Let c(h) = 4*l(h) - 3*y(h). Let r = 17 - 9. Suppose -3*v + 9 = 2*s - 3, -r = 2*v - 4*s. What is c(v)?
7
Let x(k) = 13*k - 6. Let t(o) = 12*o - 5. Let w(p) = 6*t(p) - 5*x(p). Suppose -4*a + 5 = 1. Determine w(a).
7
Let j(a) = -a - 10. Suppose 6*f + 14 = 4*f. Determine j(f).
-3
Suppose 2*x = -0*x + 4. Let u(p) = -p**x - 2 + p**3 - p**2 - 4*p + 4. Give u(3).
-1
Let j(b) = -6*b + 1. Let p = 1 + 0. Give j(p).
-5
Suppose 0 = 5*c + 5*r - 20, 0 = -4*c - 3*r + 17 - 2. Suppose -3*q = m - 3*m, 0 = c*q + m. Let d = q - 0. Let x(l) = -l**3 + l - 6. Calculate x(d).
-6
Let w = 23 + -19. Let p(r) = r**3 - 2*r**2 - 7*r + 5. Give p(w).
9
Let w = 23 + -21. Suppose -4*u = -8, 2*u = 4*n + 4*u - 20. Let q(m) = n*m - 2 - 5*m + 2*m. What is q(w)?
0
Let u(l) = 13*l**3 - 2*l**2 + 1. Let z = -56 + 55. Determine u(z).
-14
Let x(b) = b**2 + 3*b + 6. Let o(h) = -2*h**2 - 5*h - 11. Let m(l) = 4*o(l) + 7*x(l). Suppose -k - 10 = -2*u - 0*k, 0 = u + 2*k + 5. What is m(u)?
-8
Let v(g) = -g**2 - g + 1. Suppose 8 = 4*l - 0. Let p be l - (-2 - 0)/(-2). Calculate v(p).
-1
Suppose 0 = 3*t - 22 + 4. Let w(u) = -12*u - 2 + 11*u + 0. Give w(t).
-8
Let x(k) = -k**3 + 7*k**2 - 9*k + 6. Let n(q) = q**2 - 3*q + 6. Let g be n(3). What is x(g)?
-12
Let c(h) be the first derivative of h**3/3 - 5*h**2/2 + 2*h + 1. Give c(4).
-2
Let h(t) = t**2 - 3*t - 2. Let d(c) = -3*c**2 + 8*c + 7. Let z(n) = -4*d(n) - 11*h(n). Give z(0).
-6
Let w(n) = -n**3 + 10*n**2 + 11*n - 1. Suppose -31*x + 23*x = -88. Give w(x).
-1
Let b(v) = -v**3 - v**2 - v - 30. Let k(j) = j**3 + 27*j**2 + 27*j + 26. Let a be k(-26). Give b(a).
-30
Let y(x) = -2*x**2 + 3*x + 3. Suppose 0 = -5*c - 3*q + 18, 2*c = -8*q + 5*q + 9. What is y(c)?
-6
Let r(w) = 0 + 1 + 7*w - 1 - w**2 - 1. Determine r(6).
5
Let h(r) = -r**3 - 5*r**2 - 2*r + 2. Suppose 4*w = 3*n + 24, -2*w = -w - 3*n + 3. Let d be (20/6)/(10/15). Suppose 24 - w = -d*u. Determine h(u).
-10
Let b(v) be the second derivative of 1/12*v**4 + 4*v - 1/2*v**2 - 1/2*v**3 + 0. Determine b(2).
-3
Suppose 3*c - 8 - 40 = 0. Suppose 0 = 2*r - 6 + c. Let n(d) = -2*d**2 - 7*d + 2. Determine n(r).
-13
Let x be -1 + (6 - 0) - (-2 - -2). Let i(m) = -2*m + 4. Give i(x).
-6
Let x(j) be the first derivative of j**4/4 + 4*j**3/3 + j**2/2 - 2*j - 4. Let a be 10 + (-1 - -3) + -4. Suppose -f + a = -5*f. Give x(f).
4
Let p(i) = -i**3 + 6*i**2 + 9*i - 10. Let g = -13 - -20. What is p(g)?
4
Let i(v) = -3*v + 5. Suppose 5*h - 5*u = 20, -4 = -h - 6*u + 3*u. Give i(h).
-7
Suppose 2*y + 4*t + 25 - 129 = 0, -20 = 5*t. Suppose -y + 5 = 5*a. Let j(u) = 30*u - 4. Let k(n) = -6*n + 1. Let r(m) = a*k(m) - 2*j(m). Calculate r(2).
9
Let t(b) = b + 5. Let g be (0/2)/(5 + 18/(-6)). Calculate t(g).
5
Let s(v) = 4*v + 9. Let q = 2 - 3. Let a(w) = -w - 1. Let d(y) = q*s(y) - 2*a(y). Determine d(-7).
7
Let h(x) = 2*x - 6. Let u = -133 + 139. Give h(u).
6
Let i be 10 - 2 - 4/2. Let y(l) = l**2 + l + 1. Let z(h) = h**2. Let f(a) = i*z(a) - 5*y(a). Give f(4).
-9
Let y(c) = c**2 - 7*c + 3. Let h be (-1 + -3)/(-2) - -3. Calculate y(h).
-7
Let v(m) = 5*m - 1. Let l = 14 - 13. Suppose 2*y + 3 = l. Give v(y).
-6
Let l(h) = -2*h - 7. Let j(b) = -5*b - 20. Let g = -19 - -36. Let f(p) = g*l(p) - 6*j(p). Let z(y) = y**3 + 4*y**2 - y - 5. Let u be z(-4). Calculate f(u).
5
Let x = -51 + 54. Let k(w) = -w**3 + 3*w**2 + w - 1. Give k(x).
2
Let s = -13 - -8. Let k(l) be the first derivative of -l**3/3 - 5*l**2/2 + 4*l + 21. Give k(s).
4
Let p be 27/(-6)*12/(-27). Suppose -5 = -o + p*o. Let d(v) = -v**2 - 5*v - 6. Calculate d(o).
-6
Suppose -15 = -5*u - 35. Let l(g) = -g**2 - 4*g - 3. Calculate l(u).
-3
Let v = 63 + -61. Let y(o) be the second derivative of -1/3*o**3 - 3*o + 3*o**v + 0. What is y(6)?
-6
Let j(c) = 14*c - 17. Let m(g) = 5*g - 6. Let f be (-53)/(-5) - (-2)/5. Let v(w) = f*m(w) - 4*j(w). Determine v(4).
-2
Let f(d) = d**2 - 7*d + 5. Let a be f(6). Let j be (4/10)/(a/(-10)). Let y(s) = 11*s - 8. Let z(v) = 5*v - 4. Let l(p) = -3*y(p) + 7*z(p). Give l(j).
4
Let